 = 84*i**3 + i**2 - i + 1. Let s = -5 - -6. Let o be g(s). Suppose 3*b - 119 - o = 0. Does 18 divide b?
False
Let y(l) = -l**2 + 15*l + 29. Is y(11) a multiple of 4?
False
Suppose 4*x + 9 = 21. Suppose 0 = -x*y + 4 - 1, 2*c - 92 = -2*y. Is c a multiple of 11?
False
Suppose -2*h = -0*h - 20. Suppose h = 4*v + 2*u, -v - 5*u - 21 = -1. Is 12 a factor of 178/5 + 2/v?
True
Suppose 24*r = 5146 + 11222. Is 31 a factor of r?
True
Let g(l) = -l - 15. Let a be g(-16). Suppose -11 + a = -2*f. Is 8 a factor of (-7 + f)*15/(-2)?
False
Is 15 a factor of (-4)/(-26) - 3898/(-13)?
True
Suppose 4*l - 1586 - 1802 = 0. Does 5 divide l?
False
Suppose w + 4 + 17 = 0. Is 33 a factor of 2 - (12/(-21) - (-2991)/w)?
False
Let s = -509 - -568. Does 19 divide s?
False
Suppose 0 = 2*u - 5*u + 3*x - 24, 0 = 2*u + x + 16. Let s(j) = -14*j + 2. Let z be s(u). Does 26 divide ((-15)/9)/((-2)/z)?
False
Suppose -18*g + 6426 = -9*g. Does 28 divide g?
False
Let x(c) = c**3 - 3*c**2 - 2*c + 8. Let n = 17 + -13. Is x(n) a multiple of 8?
True
Let r be (-1*4)/((-32)/(-48)). Let y be (-3)/(r/(-268))*-2. Is (-1)/(-4) - y/(-16) a multiple of 17?
True
Suppose u - 60*u + 195998 = 0. Does 151 divide u?
True
Is 1068 + (3 + -1)*-1 a multiple of 18?
False
Let g(i) = -i**2 + 6*i + 32. Is 3 a factor of g(5)?
False
Let v(z) = 47*z**3 + z**2 - 10*z + 6. Does 34 divide v(2)?
False
Is 16 a factor of (-173)/(33/12 - 3)?
False
Suppose 0*u - 3*b = 3*u - 612, b = 5*u - 1020. Is 17 a factor of u?
True
Let w be ((-114)/22 + (-6)/(-33))*-1. Suppose -v + 533 = 5*l, -l + w*v = -40 - 51. Is l a multiple of 53?
True
Let t(l) be the third derivative of 17*l**4/24 - l**3 - 6*l**2. Let q be t(5). Suppose -23 - q = -3*s. Is 17 a factor of s?
True
Does 82 divide 220440/84 - (-20)/(-70)?
True
Let v = -1667 + 2330. Is 118 a factor of v?
False
Suppose 2*y + 18 = -4*u, -3 = 2*y + 3. Does 14 divide (u/6)/(1/(-280))?
True
Let c(a) = 3*a + 56. Does 8 divide c(16)?
True
Let q(j) = -j**2 + 8*j - 2. Let i be q(7). Suppose -5*h - 2*m + 38 = m, 2*m = i*h - 58. Suppose -14*f + h*f + 136 = 0. Is f a multiple of 17?
True
Let q(y) = -y**3 - y**2 - 4*y + 1010. Does 55 divide q(0)?
False
Let u be (((-18)/(-12))/3)/(2/(-16)). Let x(v) = -2*v**3 + 6*v**2 + 14*v + 1. Is x(u) a multiple of 13?
True
Let r be ((-62)/(-5))/((-26)/(-65)). Suppose -33*k = -r*k - 26. Is 11 a factor of k?
False
Suppose 2*t - 3*m - 126 = 0, -5*m - 258 = -5*t + 47. Suppose 2*i + t = 3*i. Let b = i - 22. Is 6 a factor of b?
False
Let k = 95 + -86. Let j(n) = -15*n + 13. Let y(b) = -b. Let g(x) = -j(x) - 3*y(x). Does 36 divide g(k)?
False
Let y be -211 + -7 + (-16)/(-4). Let d = -107 - y. Is d a multiple of 14?
False
Let z(w) = 17*w**3 + w - 2. Let o(h) = -h**3 - 1. Let t(v) = -2*o(v) + z(v). Let m be t(1). Let b = m + 10. Is 10 a factor of b?
True
Let j(r) = -4*r - 21. Let x(k) = -4*k - 22. Let u(p) = -4*j(p) + 3*x(p). Does 43 divide u(7)?
False
Let c = -22 + 9. Let h = 10 + c. Is 0 - -6 - (0 - h) even?
False
Let d(l) be the second derivative of l**3/6 + 9*l**2/2 + 10*l. Let s be d(-6). Suppose -s*g + 0*g + 12 = 0. Does 4 divide g?
True
Let u(k) = -2*k - 15. Let a be u(-9). Is -4*(0 - (-21)/12 - a) a multiple of 5?
True
Suppose -2*q = 2*s + 156, 5*s - 4*q + 8*q + 394 = 0. Let g = 138 + s. Is 3 a factor of g?
False
Let u be (-2)/(-7*(-8)/2716). Is 11 a factor of (-2 + 1)*(2 - 4) - u?
True
Let u = 123 - 214. Let y = u - -227. Does 23 divide y?
False
Let k(o) = -3*o**2 + 9*o + 70. Let p(x) = -2*x**2 + 6*x + 47. Let t(i) = -5*k(i) + 7*p(i). Is t(8) a multiple of 12?
False
Let r(z) = -z**3 - 5*z**2 + 6*z + 7. Let k be (-2)/(-4) + (-15)/2. Is 14 a factor of r(k)?
False
Suppose 5*w - 420 = -2*v, 840 = 4*v + w - 0*w. Is 30 a factor of v?
True
Suppose 2*g - 2*w = -64, 22 = -g - w - 0. Let u be -1 + -1 + (-1 - g). Suppose -s + 22 = -u. Does 12 divide s?
False
Let h(x) = -x - 2. Let j(l) = -2*l + 9. Let a be j(8). Let f be h(a). Suppose -3*m + 191 = -f*t, -3*m - 4*t = -6*t - 197. Is m a multiple of 12?
False
Suppose -211*v + 203*v = -6184. Does 42 divide v?
False
Let s(n) = -5*n + 128. Is 15 a factor of s(-26)?
False
Let q = 7 + -2. Let r be 6 + -10 - (-60)/2. Let j = r - q. Is j a multiple of 7?
True
Suppose 3*d = 4*d + 2*q - 16, -4*q - 4 = -4*d. Suppose 0 = d*u - 2*u. Suppose 7*j - 3*j - 84 = u. Is j a multiple of 11?
False
Let b = 514 - 360. Is 11 a factor of b?
True
Suppose 0 = 5*r, h - 5*h = 3*r - 396. Suppose 20*b - h = 19*b. Does 4 divide b?
False
Let v(x) = x + 2. Let u(j) = -j + 2. Let q(r) = 6*r - 11. Let a(m) = -2*q(m) - 11*u(m). Let y(l) = 6*a(l) - v(l). Does 6 divide y(-2)?
True
Let x = 31 - -10. Suppose x*p - 195 = 38*p. Does 13 divide p?
True
Let j(z) = -18*z**3 - 5*z**2 + 3*z + 16. Is 12 a factor of j(-3)?
False
Suppose -5*r + 3*d = -177, -5*d + 11 = r - 2. Is 3 a factor of r?
True
Let m(h) = h**3 + 8*h**2 + 7*h + 7. Suppose -5*i + 10 = w - 6*w, 4*i = -12. Let v(n) = n**2 + 6*n - 2. Let g be v(w). Is m(g) a multiple of 2?
False
Let q(w) = 17*w + 16. Let l be q(10). Let i = l - 96. Is 15 a factor of i?
True
Let d(r) = 3*r**2 + r. Let v be d(1). Suppose -153 = -5*y + v*l, 0*y - 2*y + 72 = 2*l. Let u = 54 - y. Does 9 divide u?
False
Let i be (3 + -4)/1 + 64. Let w be 486/i + 4/14. Does 5 divide (-4)/w*6 - -27?
False
Suppose -5*h + 3*w = 14, 0*h - 4*h + 5*w = 6. Let a be (-5)/(((-16)/(-4))/h). Suppose 3*c = a*y + 40, c + 3*c + y - 38 = 0. Is 8 a factor of c?
False
Let k = 51 + -29. Suppose -2*s + 50 = 3*m - 5*m, -5*m + k = 2*s. Does 21 divide s?
True
Suppose 2*l - 426 = -4*a, 4*a + l - 415 - 16 = 0. Does 10 divide a?
False
Let p = 4 - -1. Let x(s) = 3*s**3 - 2*s**2 + 2*s + 11. Let q be x(p). Suppose 0 = 5*t - 2*l - q - 268, -3*t - 3*l + 360 = 0. Does 21 divide t?
False
Let z(r) = -r. Let h be z(-3). Suppose h*d - 1 = 8. Suppose d*x - x - 108 = 0. Is 18 a factor of x?
True
Let j(n) = -4 - 5*n**2 + 6 + n**3 + 2*n + 3. Let x = -13 + 18. Does 3 divide j(x)?
True
Let v be 3/12 + (-45)/(-12). Suppose v*o + 10 - 34 = 0. Suppose 5*r = u + o, r = -2*u - r + 48. Is 6 a factor of u?
False
Let x = -8 + 12. Let j = x - 0. Suppose j*i + 48 = 2*z - 86, 0 = -4*z - 5*i + 255. Does 13 divide z?
True
Let w(j) = 2*j**2 - 13*j - 16. Let k = -90 - -100. Is w(k) a multiple of 6?
True
Suppose 0 = 2*o - 4*i - 8, 0 = 2*o - 4*i + 2*i. Does 8 divide o/(-4) + (-40)/(-1)?
False
Let x = -194 - -320. Is x a multiple of 21?
True
Suppose -5*q + 796 = 266. Let d(r) = r**3 + 8*r**2 - 15*r - 18. Let l be d(-9). Let b = q - l. Is 17 a factor of b?
False
Let n = -1670 + 2480. Does 9 divide n?
True
Let q = -16 + 401. Is q a multiple of 35?
True
Let h = -344 + 391. Is h a multiple of 8?
False
Suppose -50 = y - 53. Suppose -2*k + 3*n = -14, -y*n = 4*k - 3*k - 16. Is 5 a factor of k?
True
Is 8 - 159/(-6)*16 a multiple of 24?
True
Let l(p) = 18*p**2 - 3*p - 3. Suppose 2*o = -2*o + 44. Suppose -5*j - o + 1 = 0. Does 25 divide l(j)?
True
Let z = 11 + -15. Let c be z/((-4)/(-4)*-2). Suppose 0 = 2*d - c*s - 26 - 36, -d = -5*s - 39. Does 14 divide d?
False
Let n be (-18 + 23)/((-2)/(-22)). Suppose 5*p - n = 15. Is 11 a factor of p?
False
Is 7 a factor of (-1)/(-10) + 2*9432/160?
False
Let x = -8 + 40. Does 16 divide x?
True
Suppose 2*z + 3 - 14 = 5*a, -z - 4*a = -12. Let u be z - 12/(-16)*-4. Suppose 25 = u*h - 65. Does 9 divide h?
True
Let j = -2 - -6. Let o(d) = d**3 - 3*d**2 - 2*d + 2. Let r be o(j). Suppose -4*w = 3*n - 52, -w - 4*n + r = -16. Is 5 a factor of w?
True
Let f be ((-11)/(33/(-18)))/((-2)/51). Let v = 38 - f. Is 9 a factor of v?
False
Let t = -149 + 291. Let q = 257 - t. Is q a multiple of 23?
True
Suppose 0 = -25*w + 1548 + 5052. Does 24 divide w?
True
Let k(a) = 448*a - 1. Let c be k(1). Suppose 0 = -4*d - x + c, -3*x + 114 = d - 5*x. Is 18 a factor of d?
False
Suppose -2*y - 622 = -2*o, 12*o - 13*o = -5*y - 307. Is o a multiple of 78?
True
Let u(a) = -20*a + 2. Suppose 3*l + 19 = -4*b, 0 = 3*l + 5*b + 15 + 8. Let c be 1 - l - (1 - -3). Is 14 a factor of u(c)?
True
Suppose -29 = 5*x + 4*o, 3*x - 3*o - o = -43. Let d(t) = 2*t**2 + 11*t - 22. Is 6 a factor of d(x)?
False
Let b(t) = -3*t**2 + 3*t - 4. Let d be b(1). Is 4 a factor of (7/39 + d/(-26))*111?
False
Let d = -33 + 37. Suppose 0 = d*o - m - m - 22, m - 1 = 0. Is 6 a factor of o?
True
Let m = -26 - -28. Does 3 divide 34 - (m*(-3)/(